 16, what is -11be - 0?
-11be
In base 7, what is 2 + -256?
-254
In base 16, what is 822 + 1?
823
In base 4, what is -10 - 132?
-202
In base 14, what is -17 - -2?
-15
In base 6, what is -2 - 2?
-4
In base 12, what is -132 + -4?
-136
In base 9, what is 1210 - 3?
1206
In base 12, what is 14 - -263?
277
In base 14, what is 6cac + -4?
6ca8
In base 3, what is -112 + -1220?
-2102
In base 5, what is -20 - 43?
-113
In base 9, what is -34 + 64?
30
In base 16, what is -65 - 0?
-65
In base 5, what is 300 - -1?
301
In base 13, what is -48 + 9?
-3c
In base 3, what is -11102 - 11?
-11120
In base 6, what is -1 - -521?
520
In base 16, what is 15 - -5d?
72
In base 10, what is -1 + 1226?
1225
In base 14, what is -26a + -2?
-26c
In base 3, what is 1 - 102?
-101
In base 8, what is 10 + -3?
5
In base 8, what is 2327 + -4?
2323
In base 14, what is 9c + -3?
99
In base 16, what is 15 + 7e?
93
In base 12, what is 4 + a3?
a7
In base 9, what is -4 - -2316?
2312
In base 12, what is -5 - a6b?
-a74
In base 15, what is -2b + 10d?
d2
In base 8, what is 7 + 325?
334
In base 5, what is -4 + -304?
-313
In base 12, what is 186 + 2?
188
In base 3, what is 10 + 211?
221
In base 10, what is 31 + 233?
264
In base 10, what is -1 - 341?
-342
In base 15, what is 22 - -1?
23
In base 16, what is 44 - -133?
177
In base 5, what is 3402 - -4?
3411
In base 14, what is 4 + 19?
1d
In base 14, what is -13 + -2?
-15
In base 12, what is -2756 + 0?
-2756
In base 9, what is -120 - 206?
-326
In base 2, what is 10010111 + 101?
10011100
In base 7, what is 1021 + 15?
1036
In base 12, what is 3 - 2b?
-28
In base 11, what is -839 - -1?
-838
In base 12, what is 5 + -101a?
-1015
In base 9, what is -4 + 3?
-1
In base 16, what is 32 + c?
3e
In base 8, what is 2033 + 17?
2052
In base 13, what is 1b1 - -5?
1b6
In base 9, what is -2 + -146?
-148
In base 12, what is -3a + 3?
-37
In base 3, what is 2221110 - -12?
2221122
In base 4, what is -2 + -1033?
-1101
In base 10, what is 57 - 1?
56
In base 5, what is 13 + 1330?
1343
In base 10, what is 283 - -50?
333
In base 4, what is 3 + -220?
-211
In base 12, what is 4a6 + 0?
4a6
In base 7, what is 5 + -654?
-646
In base 14, what is -5 + 1?
-4
In base 14, what is -4 - -a8c?
a88
In base 6, what is -31 - -140?
105
In base 14, what is -3 - -45?
42
In base 16, what is -3 - -1e9?
1e6
In base 12, what is 2 - -7a3?
7a5
In base 9, what is 71 + -1?
70
In base 7, what is 4235 - -11?
4246
In base 2, what is 0 + -10111111110?
-10111111110
In base 7, what is -423 - 13?
-436
In base 5, what is 31 - 414?
-333
In base 16, what is 6 + 1?
7
In base 4, what is 301 + 11?
312
In base 16, what is 2 + 9d?
9f
In base 13, what is 371 + 4?
375
In base 9, what is 17 + 424?
442
In base 16, what is -a + -11?
-1b
In base 5, what is -233 - 143?
-431
In base 11, what is a3 - -7?
aa
In base 14, what is -2 - -16?
14
In base 9, what is 2 - -16?
18
In base 14, what is c08 + -5?
c03
In base 16, what is -37 - -4?
-33
In base 15, what is 109 + 3?
10c
In base 6, what is 320 + -2?
314
In base 13, what is 0 + -99?
-99
In base 6, what is -225 - 114?
-343
In base 4, what is 21 + -130?
-103
In base 13, what is 3 - -126?
129
In base 4, what is -1012 - 0?
-1012
In base 7, what is 23 + -35?
-12
In base 6, what is -4135 + 0?
-4135
In base 10, what is 1 + 845?
846
In base 12, what is 48 + -5?
43
In base 14, what is 336 - 3?
333
In base 7, what is 4 - 1241?
-1234
In base 9, what is -1 - -33?
32
In base 2, what is -1011111 - -110?
-1011001
In base 6, what is -11 - 54?
-105
In base 11, what is 9 + -2?
7
In base 13, what is -1 + 1739?
1738
In base 4, what is -20 + 10030?
10010
In base 8, what is -252 + -1?
-253
In base 7, what is 4 + -32?
-25
In base 2, what is 1101001001 + 101?
1101001110
In base 3, what is 22111 + 12?
22200
In base 16, what is 191e - -4?
1922
In base 6, what is -14 - 1415?
-1433
In base 3, what is -1112020 - 110?
-1112200
In base 6, what is -52 + 2?
-50
In base 13, what is -1 + 63?
62
In base 11, what is -152 - 4?
-156
In base 15, what is -8 - -24?
1b
In base 10, what is -33 - 42?
-75
In base 3, what is -11 - -1000?
212
In base 5, what is -132 + 40?
-42
In base 15, what is -13 - -261?
24d
In base 15, what is -3 - 9?
-c
In base 14, what is 7c + -5?
77
In base 5, what is 2031 - 10?
2021
In base 10, what is -2 - -115?
113
In base 9, what is -6 - -32?
25
In base 6, what is -52405 + 3?
-52402
In base 12, what is b8 + 2?
ba
In base 11, what is 2 + 4a8?
4aa
In base 8, what is 12 - 113?
-101
In base 16, what is de - -d?
eb
In base 12, what is 2 + -40?
-3a
In base 12, what is -99 + -2?
-9b
In base 2, what is 10010001 - -110?
10010111
In base 4, what is -12 + 100?
22
In base 14, what is -703 + 2?
-701
In base 12, what is 3 - 93a?
-937
In base 14, what is 1 - -161?
162
In base 14, what is -12a + 18?
-112
In base 9, what is 454 - 2?
452
In base 14, what is 14d + -4?
149
In base 16, what is -27 - -1b?
-c
In base 12, what is -4344 - -2?
-4342
In base 10, what is 152 + -15?
137
In base 4, what is -11 - 1023022?
-1023033
In base 13, what is 3 - -35a?
360
In base 7, what is 20 + 414?
434
In base 13, what is -40 + 1?
-3c
In base 8, what is 1331 + -3?
1326
In base 16, what is 8a - -1?
8b
In base 4, what is -11103 + -21?
-11130
In base 2, what is -10 + -110001001000?
-110001001010
In base 5, what is -2140 + 10?
-2130
In base 3, what is -10 - -200010?
200000
In base 7, what is -10601 - 1?
-10602
In base 2, what is -1000110101 + 0?
-1000110101
In base 12, what is 16b + 5?
174
In base 6, what is -1200 + 3?
-1153
In base 10, what is 9 + 327?
336
In base 9, what is 5 + -15?
-10
In base 3, what is -221122 + 0?
-221122
In base 9, what is -21011 - 3?
-21014
In base 15, what is -16 + -2b?
-42
In base 8, what is 14 + -74?
-60
In base 4, what is -2 + 31?
23
In base 9, what is -7 - -6662?
6654
In base 15, what is 20d - 3?
20a
In base 16, what is -3 - -4c?
49
In base 6, what is -50 - -55?
5
In base 8, what is -146 + 51?
-75
In base 10, what is 100 + -44?
56
In base 14, what is -93 + -4?
-97
In base 4, what is -1 + 1230?
1223
In base 2, what is 101 - 101?
0
In base 2, what is 1001 + 11010?
100011
In base 12, what is 639 + 2?
63b
In base 11, what is 4 + -178?
-174
In base 8, what is -4 - 10441?
-10445
In base 16, what is -9 - 1c?
-25
In base 8, what is -2 + 6?
4
In base 5, what is -2420 - 10?
-2430
In base 16, what is 1 - -21?
22
In base 2, what is -1000011 + 0?
-1000011
In base 12, what is -3 + 3b24?
3b21
In base 14, what is a + 0?
a
In base 3, what is -1110 + -11?
-1121
In base 2, what is 100 + -111110101?
-111110001
In base 7, what is 40 - -10?
50
In base 14, what is 3 - 9c?
-99
In base 3, what is -120 - 2?
-122
In base 11, what is -1585 - -4?
-1581
In base 10, what is 25 - 0?
25
In base 12, what is -1 + -1588?
-1589
In base 16, what is -3 - -668?
665
In base 11, what is 424 - -7?
430
In base 12, what is -289 + -1?
-28a
In base 12, what is 2b + 6?
35
In base 7, what is 1 + 163?
164
In base 15, what is -1a66 - -3?
-1a63
In base 8, what is -7 - -24?
15
In base 8, what is 2 - 464?
-462
In base 2, what is 111010010 + -10010?
111000000
In base 3, what is -1 + -11121?
-11122
In base 13, what is 22 + -b?
14
In base 16, what is -181 + 3?
-17e
In base 7, what is -1 + -12510?
-12511
In base 10, what is 3 - 118?
-115
In base 12, what is 278b + 3?
2792
In base 3, what is 111011 + -2?
111002
In base 7, what is -5 + 40?
32
In base 15, what is -4 + 3d?
39
In base 10, what is -13 + -36?
-49
In base 13, what is 1 - 20?
-1c
In base 16, what is -1e + 0?
-1e
In base 12, what is -5 - -187?
182
In base 5, what is 0 - -204?
204
In base 10, what is 23 - -2?
25
In base 2, what is -110000 - 11001111?
-11111111
In base 3, what is -11 - 2000?
-2011
In base 13, what is 26 + a?
33
In base 8, what is -3 + -1772?
-1775
In base 5, what is 14 + -31233?
-31214
In base 15, what is -178 + 21?
-157
In base 8, what is 0 + -55?
-55
In base 12, what is 1b857 - 0?
1b857
In base 12, what is 18 + -2?
16
In base 2, what is 100001111 + -110001?
11011110
In base 9, what is 55 - -1?
56
In base 4, what is 1 - 130112?
-130111
In base 5, what is -2300 - -3?
-2242
In base 6, what is -111 + 10?
-101
In base 6, what is -10251 + -4?
-10255
In base 15, what is -160 - -4?
-15b
In base 8, what is 22 - -2?
24
In base 14, what is -23 - 10?
-33
In base 4, what is -333 - 0?
-333
In base 15, wh